 tens digit of 6048949309?
0
What is the hundreds digit of 3852494140?
1
What is the ten millions digit of 119037452?
1
What is the ten millions digit of 2747551689?
4
What is the hundreds digit of 36251652?
6
What is the millions digit of 57213349?
7
What is the ten thousands digit of 556929964?
2
What is the hundreds digit of 36809250?
2
What is the hundred millions digit of 2912042549?
9
What is the hundred millions digit of 257153390?
2
What is the thousands digit of 11020830?
0
What is the billions digit of 3358904679?
3
What is the ten thousands digit of 2139211277?
1
What is the hundreds digit of 53214785?
7
What is the ten thousands digit of 609442102?
4
What is the hundred thousands digit of 100568618?
5
What is the ten millions digit of 471137979?
7
What is the ten millions digit of 25332191?
2
What is the ten millions digit of 293119421?
9
What is the ten millions digit of 377770368?
7
What is the ten millions digit of 1233951540?
3
What is the millions digit of 33420271?
3
What is the ten millions digit of 1662574514?
6
What is the tens digit of 54529364?
6
What is the tens digit of 46316481?
8
What is the ten thousands digit of 110733102?
3
What is the hundreds digit of 229336870?
8
What is the hundred thousands digit of 81888533?
8
What is the ten thousands digit of 84191929?
9
What is the hundred thousands digit of 758121265?
1
What is the hundred thousands digit of 128698726?
6
What is the thousands digit of 948414391?
4
What is the tens digit of 207081170?
7
What is the hundred millions digit of 212466320?
2
What is the ten thousands digit of 1059122323?
2
What is the hundreds digit of 196625207?
2
What is the ten millions digit of 102123319?
0
What is the units digit of 276541167?
7
What is the tens digit of 69789809?
0
What is the ten thousands digit of 36642108?
4
What is the ten thousands digit of 23660706?
6
What is the millions digit of 169197437?
9
What is the hundred thousands digit of 12451301?
4
What is the millions digit of 497390040?
7
What is the ten millions digit of 45080876?
4
What is the tens digit of 61356820?
2
What is the thousands digit of 1026350503?
0
What is the millions digit of 553852056?
3
What is the hundred millions digit of 254128772?
2
What is the tens digit of 100636886?
8
What is the millions digit of 62871304?
2
What is the units digit of 10169767?
7
What is the units digit of 71597785?
5
What is the hundreds digit of 70182657?
6
What is the units digit of 71552427?
7
What is the units digit of 74662572?
2
What is the hundreds digit of 1813414898?
8
What is the hundreds digit of 70713286?
2
What is the tens digit of 156470764?
6
What is the hundreds digit of 163912225?
2
What is the millions digit of 1228359996?
8
What is the tens digit of 183004940?
4
What is the ten thousands digit of 391823404?
2
What is the hundred millions digit of 3536532254?
5
What is the hundred millions digit of 779205709?
7
What is the hundreds digit of 82945620?
6
What is the ten thousands digit of 217796637?
9
What is the thousands digit of 2598441355?
1
What is the millions digit of 1047218?
1
What is the thousands digit of 30681763?
1
What is the ten thousands digit of 73676939?
7
What is the units digit of 3017785776?
6
What is the units digit of 259324180?
0
What is the units digit of 384332?
2
What is the hundred thousands digit of 1095548322?
5
What is the units digit of 37242863?
3
What is the hundred thousands digit of 269449267?
4
What is the units digit of 6578143469?
9
What is the hundred millions digit of 305855362?
3
What is the ten millions digit of 2609048236?
0
What is the billions digit of 1016306535?
1
What is the hundred thousands digit of 1649366334?
3
What is the hundred thousands digit of 289991010?
9
What is the ten thousands digit of 314438356?
3
What is the ten thousands digit of 4242487?
4
What is the ten millions digit of 63594929?
6
What is the hundreds digit of 217959563?
5
What is the ten millions digit of 42165766?
4
What is the tens digit of 118054152?
5
What is the hundred millions digit of 4210631828?
2
What is the hundred thousands digit of 96403866?
4
What is the millions digit of 2147875510?
7
What is the hundreds digit of 1599193537?
5
What is the ten thousands digit of 11739367?
3
What is the hundreds digit of 64613783?
7
What is the ten millions digit of 1542000588?
4
What is the hundreds digit of 1911629791?
7
What is the millions digit of 54914203?
4
What is the ten thousands digit of 85276298?
7
What is the ten thousands digit of 131427818?
2
What is the tens digit of 4675527384?
8
What is the units digit of 961792238?
8
What is the hundred thousands digit of 2706590149?
5
What is the ten millions digit of 208985952?
0
What is the ten millions digit of 1000452754?
0
What is the ten millions digit of 2554616828?
5
What is the ten thousands digit of 288240844?
4
What is the thousands digit of 648340808?
0
What is the hundreds digit of 32201968?
9
What is the thousands digit of 693159527?
9
What is the tens digit of 73032395?
9
What is the ten thousands digit of 478024616?
2
What is the tens digit of 221805844?
4
What is the ten thousands digit of 93847055?
4
What is the ten millions digit of 4323527771?
2
What is the hundreds digit of 56755513?
5
What is the ten thousands digit of 2720597?
2
What is the units digit of 59912161?
1
What is the ten thousands digit of 137303721?
0
What is the tens digit of 302123283?
8
What is the millions digit of 185503478?
5
What is the hundred millions digit of 245398590?
2
What is the hundred millions digit of 119700144?
1
What is the units digit of 706351958?
8
What is the tens digit of 383230742?
4
What is the hundred thousands digit of 1132416837?
4
What is the ten millions digit of 259491946?
5
What is the thousands digit of 34782232?
2
What is the billions digit of 5819792320?
5
What is the ten millions digit of 3307451287?
0
What is the units digit of 196473460?
0
What is the millions digit of 49791892?
9
What is the millions digit of 123427373?
3
What is the hundreds digit of 13263861?
8
What is the units digit of 23654130?
0
What is the ten millions digit of 22828972?
2
What is the ten millions digit of 160144724?
6
What is the millions digit of 180433094?
0
What is the hundreds digit of 2137925641?
6
What is the hundred millions digit of 5489949195?
4
What is the billions digit of 2467062366?
2
What is the ten millions digit of 37757473?
3
What is the units digit of 1442283?
3
What is the hundred millions digit of 405927628?
4
What is the hundred thousands digit of 20897226?
8
What is the millions digit of 1260483405?
0
What is the tens digit of 1571188482?
8
What is the hundred thousands digit of 3775767347?
7
What is the thousands digit of 38192545?
2
What is the hundred thousands digit of 15470689?
4
What is the hundreds digit of 61979881?
8
What is the hundreds digit of 152712642?
6
What is the tens digit of 3208487689?
8
What is the millions digit of 321096416?
1
What is the hundred millions digit of 8401266273?
4
What is the ten thousands digit of 31117968?
1
What is the ten millions digit of 67564340?
6
What is the units digit of 555873403?
3
What is the ten millions digit of 3263349518?
6
What is the hundred millions digit of 345926473?
3
What is the thousands digit of 205838858?
8
What is the thousands digit of 92323938?
3
What is the tens digit of 644295944?
4
What is the tens digit of 121194924?
2
What is the ten thousands digit of 573842429?
4
What is the hundred thousands digit of 235201574?
2
What is the ten thousands digit of 6593982434?
8
What is the thousands digit of 44296309?
6
What is the hundred thousands digit of 41740554?
7
What is the thousands digit of 3353550?
3
What is the thousands digit of 599213585?
3
What is the thousands digit of 55201997?
1
What is the hundred thousands digit of 84705878?
7
What is the hundreds digit of 29690483?
4
What is the hundred millions digit of 1084190721?
0
What is the thousands digit of 134768793?
8
What is the units digit of 41070225?
5
What is the hundreds digit of 1481166888?
8
What is the hundred thousands digit of 34820321?
8
What is the thousands digit of 221247932?
7
What is the ten thousands digit of 17288855?
8
What is the hundred thousands digit of 790267893